, -3*r + 12 = -c*l - 58. Calculate the highest common factor of o and r.
12
Let a(p) = -25*p - 22. Let j be a(-9). Let f = -280 + 309. What is the greatest common divisor of j and f?
29
Let r be (-1 + 3)*31/2. Let k = 393 + -176. Calculate the greatest common divisor of r and k.
31
Let t = -52 + 60. Suppose 6*n - t*n = -24. Calculate the highest common factor of 24 and n.
12
Suppose 28 = -4*a - 4. Let v(c) = c**3 + 9*c**2 - 11*c - 15. Let z be v(-10). Let x = z - a. What is the greatest common divisor of x and 24?
3
Suppose -3*n - 5*o = -10, 0 = -2*n + 3*o + 12 + 1. Suppose -15 = -4*a + n*u + 13, -3*a - u + 21 = 0. Calculate the greatest common divisor of a and 63.
7
Suppose 38 = 2*f + 4*d, -2*f - f + 5*d + 2 = 0. Let c(u) = 7*u + 429. Let m be c(-60). Calculate the greatest common divisor of f and m.
9
Suppose -2*n - 513 + 1965 = -4*l, -2916 = -4*n + 4*l. Calculate the highest common divisor of 48 and n.
12
Suppose 0 = -2*g + 3*g - 34. Let c = -35 - -52. What is the highest common divisor of g and c?
17
Let v(m) = 6*m**3 + 5*m**2 - m + 26. Let c be v(5). What is the greatest common factor of c and 28?
28
Suppose 0 = 3*y - 10*y + 56. Let x(o) = -o**2 + 9*o - 1. Let l be x(y). What is the highest common divisor of 7 and l?
7
Let n be 74/14 - (-42)/(-147). Let i be (1/(-3))/(n/(-30)). Calculate the greatest common factor of i and 8.
2
Suppose 90 = 5*s - 5*m, 3*m + 34 = -0*s + 2*s. Suppose 0*c + 45 = -3*c. Let y = 45 + c. Calculate the greatest common divisor of y and s.
10
Suppose 74 = 2*l + c, 5*l + 2*c - 184 = -0*c. Let m(i) = -i + 11. Let f be m(-7). What is the greatest common divisor of l and f?
18
Suppose 2*y + 5*y + 7 = 0. Let i = 30 - y. Calculate the highest common factor of i and 155.
31
Let z(g) = -2*g**2 + 99*g + 63. Let s be z(50). Let h = -35 + 61. Calculate the greatest common divisor of s and h.
13
Suppose 0 = 4*b + m + 55, 27 = -2*b - 5*m - 14. Let y = -7 - b. Suppose 4*f + 4*u - 80 = -u, f + 3*u - 27 = 0. What is the greatest common factor of y and f?
3
Suppose p = -2*p + 1800. Suppose -9*w = -4*w - p. Calculate the greatest common divisor of 15 and w.
15
Suppose 3*l - 141 = l - 3*k, 0 = l - k - 73. Suppose 4*g = -4*p + 92, 5*p = 3*p + 3*g + 51. Calculate the highest common divisor of l and p.
24
Suppose -2*h = -5*h + k + 38, -h + 18 = k. What is the highest common divisor of h and 938?
14
Let a be -149 + 165 + 4 + 0. What is the highest common divisor of 36 and a?
4
Suppose -5*i + 188 = 3*t, i + t - 21 = 15. Let q be 5 + -5 + -1 - 3. Let o be (1/(-2))/(q - 63/(-16)). Calculate the highest common factor of i and o.
8
Let z be (264/(2 - 10))/3. Let w(y) = 3*y**2 + 5 + 0*y**2 - 4*y**2 - 12*y. Let v be w(z). What is the greatest common divisor of 2 and v?
2
Let k(o) = o**3 - 12*o**2 + 43*o + 48. Let f be k(8). What is the greatest common factor of f and 68?
68
Suppose 2*h - 288 = -2*r, -5*r = 3*h - 6*r - 432. Suppose 0 = 4*a - 4 + 40. Let w = a - -27. What is the greatest common factor of w and h?
18
Suppose 3 = -4*t - 1. Let j be t/(-1) - (1219 + -1)/(-7). What is the highest common divisor of j and 25?
25
Let w(j) be the third derivative of j**5/30 - 5*j**4/8 - 2*j**3 - 6*j**2. Let k be w(11). Let v = 130 - k. What is the greatest common factor of 13 and v?
13
Suppose 0*j - 3*j - o = -134, 3*j - 6*o = 141. What is the highest common factor of j and 25?
5
Let a be ((-105)/(-28))/(6/64). Let c = -9 - -3. Let o = 22 + c. What is the greatest common divisor of o and a?
8
Suppose 2*t - 147 = -51. Let y be t*((-33)/9 - -4). Suppose 5*n - 61 = -y. Calculate the greatest common divisor of 63 and n.
9
Let j = -2239 - -3412. What is the highest common divisor of j and 102?
51
Let r be (((-32)/8)/4)/(1/23). Let i = 53 + r. Calculate the greatest common divisor of 210 and i.
30
Suppose 3*y = -y + 144. Suppose -5*l + 37 = -3*w - 4*l, 5*w + 61 = 2*l. Let b = 103 + w. What is the highest common factor of y and b?
18
Let r(m) be the first derivative of m**4/4 + 2*m**3 - 3*m**2 - 8*m + 26. Let b be r(-6). What is the greatest common factor of 98 and b?
14
Let r(w) = w**3 - 6*w**2 + 2*w - 5. Let d be r(5). Let z = d - -48. Let x(y) = -6*y**3 - y. Let g be x(-1). What is the highest common divisor of g and z?
7
Suppose -38 = -4*z + 10. Suppose -1 = 3*p - 4*w, 16 = 3*p + 3*w - 11. Suppose -4*m - z = -4*t, 0*m = -p*m. Calculate the highest common divisor of 2 and t.
1
Suppose -k - 24 + 44 = 0. Calculate the greatest common factor of k and 180.
20
Suppose -2*i + 5*z = 0, -4*i = -i + 2*z. Suppose -88 = -i*j - 4*j. Calculate the highest common factor of j and 2.
2
Let a(n) = 5*n - 9. Let r be a(3). Suppose -36 = -r*q + 3*q. Let p(u) = -3*u**3 - 3*u**2 - 2*u. Let o be p(-3). What is the highest common divisor of o and q?
12
Let l be -3 + 0 - (-45)/3. Let p be (-1 - -2)/(1/l). Suppose 24 = 4*i + 2*k, -i + p = -0*i + 2*k. Calculate the highest common divisor of 4 and i.
4
Let g be 3 + -2 + 0 - -3. Calculate the highest common divisor of g and 8.
4
Let v = -346 - -379. Calculate the greatest common factor of 253 and v.
11
Suppose 0 = -4*n - z + 194, -42 = 5*n + 2*z - 286. What is the highest common factor of 16 and n?
16
Let q = -20 + 26. Suppose -15 = -11*a + q*a. Suppose 5 = 3*k - 3*t - 1, 2*k - 4 = t. Calculate the highest common divisor of a and k.
1
Let p(a) = 72*a + 8. Let w be p(2). Suppose -136*g - w = -137*g. What is the highest common divisor of 38 and g?
38
Let o = 20 - 15. Suppose -4 = -4*j - 3*z + 13, -o*j - 3*z = -19. Let h be (-7 + 2)/(j/(-30)). What is the highest common divisor of 25 and h?
25
Let k = 34 + -30. Suppose k - 1 = o, 2*c - 51 = -5*o. What is the greatest common factor of c and 9?
9
Let b(m) = -m**2 - 6*m + 141. Let k be b(-15). What is the greatest common factor of 75 and k?
3
Let h be (-3 + -2)*2/(-5). Suppose 0 = -h*l + 5 + 3. Let b(a) = 6*a**2 + 54*a + 132. Let w be b(-5). Calculate the highest common factor of w and l.
4
Let k(x) = x**3 + 30*x**2 + 36*x + 308. Let d be k(-29). Let u be 2 - (-1 + 2)*-13. Calculate the highest common divisor of d and u.
15
Let v(u) = 2*u**3 - 8*u**2 + 2*u + 32. Let b be v(5). Calculate the greatest common divisor of 46 and b.
46
Suppose 2*t - 3*t - 5*g + 60 = 0, -4*t - g = -202. Let j(x) = -x**3 + 2*x**2 + 5. Let h be j(0). Calculate the greatest common factor of h and t.
5
Suppose 0 = 4*x - 3*f - 61, -13*x + 49 = -9*x + f. Let p(l) = 3*l**2 - l + 3. Let k be p(-6). What is the greatest common divisor of x and k?
13
Let l = 5994 - 3251. Calculate the greatest common divisor of l and 13.
13
Suppose -3*s - o = -100, -5*s + 195 = -9*o + 5*o. Let c(g) = 5*g. Let w be c(1). What is the highest common factor of w and s?
5
Suppose 4*k - 4*u = 72, -5*k + 0*u = 2*u - 83. Suppose 5*d + 6 = 41. Let w be (-15 - 19)*d/(-2). Calculate the highest common divisor of k and w.
17
Let i be ((-105)/20)/((-4)/1488). What is the highest common factor of i and 126?
63
Let u be 30/18*3 - 2. What is the highest common factor of u and 7?
1
Suppose -35 = -3*n - 11. Suppose 2*h - 32 = -d, -5*h - 113 = -5*d + 17. Calculate the greatest common factor of d and n.
4
Let r be 23 + 0 + (-7 - -2). Calculate the greatest common divisor of r and 14.
2
Let r be -22 - (-2 + 2 + 2). Let p = -16 - r. Suppose -4*y + 45 = t + y, 4*y = 5*t - 196. What is the greatest common divisor of t and p?
8
Suppose 0 = -25*q + 1223 + 902. Calculate the greatest common divisor of 34 and q.
17
Let p(h) = h**3 - 3*h**2 + 4. Let k be p(3). Let y be (70 - k/2) + 0. Calculate the highest common divisor of 170 and y.
34
Let k be -10 - 649/(-66) - 24303/(-18). What is the greatest common factor of 100 and k?
50
Let g(q) = q**2 - 6*q + 5. Let f = 5 + 1. Let b be g(f). Let v be ((-24)/10)/((-1)/b). What is the greatest common factor of v and 96?
12
Let d = 7 + -6. Let f be (-2 + 10)/(d/5). Suppose -q = 3*i - 87, -i + 5 + f = -5*q. What is the highest common divisor of 20 and i?
10
Let w(o) = 4*o + 19. Let s be w(14). Let u = s - -53. Calculate the highest common factor of u and 192.
64
Suppose -2*n = 3*n + 225. Let p be (54/(-4))/(n/120). Let v(w) = 8*w + 2. Let f be v(2). What is the greatest common factor of p and f?
18
Let b be 2/(-13) - (-5 + (-13208)/169). Calculate the greatest common factor of b and 747.
83
Suppose -2*w + 1301 = -525. What is t